inder when l is divided by s?
10
Let x = 2828 + -1758. Calculate the remainder when x is divided by 21.
20
Suppose -15993 + 8690 - 14369 = -172*p. Let g(v) = 28*v**2. What is the remainder when p is divided by g(1)?
14
Let v be 56 + 0 - (1 - 0). Let j = 94 - v. What is the remainder when j is divided by ((-28)/(-6))/((-16)/(-48))?
11
Let f(q) = q**3 + 10*q**2 + 11*q + 14. Let l be f(-9). What is the remainder when 121 is divided by 12/(-6)*(l - 13)?
19
Let b(r) = -119*r + 689. What is the remainder when 155 is divided by b(5)?
61
Calculate the remainder when 288/(-54)*18222/(-16) is divided by 135.
134
What is the remainder when 1215 is divided by (1292 - 1268) + 1*((-12)/2)/2?
18
Suppose 5*v + 0*b = -2*b + 1132, 3*v - 4*b - 674 = 0. Suppose 0 = -6*d + v + 8. What is the remainder when 115 is divided by d?
37
Calculate the remainder when 1321 is divided by (-573)/(-12) + 20*9/720.
25
Calculate the remainder when 195 is divided by ((-14)/224*-8)/((-1)/(-62)).
9
Suppose -95*r + 87*r = -552. Suppose -2*q + 101 - 29 = 0. Suppose 0*w - q = -3*w. Calculate the remainder when r is divided by w.
9
Let r(t) = 30*t + 25. Let u be r(-1). Calculate the remainder when 44 is divided by (-45)/u - 5 - -30.
10
Suppose -q + 5 - 8 = 0, -3*q = -5*r + 104. Calculate the remainder when (-20 + r)*-113*1 is divided by 20.
13
Suppose 8*b - 1110 = 13*b. Let v = -124 - b. Calculate the remainder when v is divided by (0 + -3)*(-22)/6.
10
Suppose 0 = -j + 3*t + 5, -3*j + 5*t - 37 = -4*j. Let r = 4 - -5. Suppose -5*z + 146 = -5*y - r, -z + 27 = y. What is the remainder when z is divided by j?
12
Suppose 40 = -4*n + 52. What is the remainder when 114 is divided by 26/1 - 9/n?
22
Suppose -c + 3*u = -4, 7*c + 4*u - 32 = 3*c. Suppose c*l = 5*l + 338. Let f = 277 - 258. What is the remainder when l is divided by f?
17
Let p = -610 + 610. Suppose -4*w + 101 = -3*n + 393, p = -2*n - 2*w + 176. What is the remainder when 167 is divided by n?
75
Let n be 1 - 2/(1 + -3). Suppose 130 = -5*i - n*k, -3*i - 5 - 47 = -4*k. Let d = i - -51. What is the remainder when 80 is divided by d?
26
Suppose -673 = -3*j - 0*j - x, -x - 1135 = -5*j. Calculate the remainder when j is divided by 4.
2
Suppose -3*l + 22 = -l. Suppose l*b + 525 = 14*b. Let g = b - 116. What is the remainder when g is divided by 30?
29
Suppose -3*p = 2*m - 941, -5*m + 292 = 6*p - 5*p. Suppose -q - n + 0*n + p = 0, 0 = -5*n - 5. What is the remainder when q is divided by 80?
78
Let q(n) = -2*n - 2. Let f be (4/(-10))/(232/(-11020)). Let r(l) = 2*l**3 - 36*l**2 - 35*l + 5. Calculate the remainder when r(f) is divided by q(-5).
6
Let q = 26987 - 26655. What is the remainder when 667 is divided by q?
3
Let i(x) = 3*x**2 - 8*x + 34. Suppose 50 = 3*p + p - 3*a, -3*p + 40 = -a. Let k be i(p). Suppose 7*n = k + 330. What is the remainder when n is divided by 25?
20
What is the remainder when (1 - -2)*(1/(-11) - 21336/(-77)) is divided by 59?
5
Let l(x) = -x**3 - x**2 - 13*x - 5. Let d be l(-6). Suppose 0 = 7*j - 265 - d. Let h = -48 - -86. What is the remainder when j is divided by h?
36
Let i(f) = 12*f**3 + 4*f**2 - 9*f + 9. Calculate the remainder when 598 is divided by i(2).
83
Suppose 0 = -3*d + w + 720, -d + 0 = -3*w - 248. Calculate the remainder when d is divided by 48.
47
Suppose 2*t + 65 = 5*b + t, -b - 2*t = -13. Calculate the remainder when -30 + -11 + 18430/95 is divided by b.
10
Suppose -s = -4*v + 100, -5*v + 2*s + 53 = -75. What is the remainder when 104/3*(-7 + (-102)/(-12)) is divided by v?
4
Let o(a) = 2*a**2 + 9*a + 13. Suppose 0 = 7*h - 310 - 327. Calculate the remainder when h is divided by o(-6).
29
Suppose -4*i = -2*r + 44, 2*r + 3*i - 2*i - 39 = 0. Suppose 8*m = 213 + 155. What is the remainder when m is divided by r?
6
Suppose -1323 = -38*z + 15*z + 16*z. Let r = -28 - -47. What is the remainder when z is divided by r?
18
Suppose u = 10 + 35. Let a = u - 37. Suppose 3*y - b - 34 = 0, -y = -3*b - 14 - a. Calculate the remainder when 25 is divided by y.
5
Suppose 504 = 4*i - 5*d, 0 = -4*i - 4*d + 721 - 181. Calculate the remainder when 1092 is divided by i.
44
Suppose 44*f = 48*f - 892. Calculate the remainder when f is divided by (-5941)/(-104) - (-1)/(-8).
52
Suppose 5*y + 12 = 11*y. Suppose 18 = -5*i + g - 4*g, y*g + 8 = -2*i. What is the remainder when 80 is divided by (784/84)/((-1)/i)?
24
What is the remainder when (-12)/6*(-534)/4 is divided by 18?
15
What is the remainder when (-2)/34 - (-592800)/1615 is divided by 23?
22
Let n be ((-480)/(-210) + 4/(-14))*-2. Let v(b) = 9*b + 56. Calculate the remainder when 677 is divided by v(n).
17
Let q be 24 + (-5)/(25/20). Let p = q - 10. Calculate the remainder when 55 is divided by (42/15)/(2/p).
13
Let b be -2*-9*(-32)/72. Let q(t) = -7 + t + 3 + 31. Calculate the remainder when 92 is divided by q(b).
16
Let m(k) = 555*k - 14176. Calculate the remainder when 1509 is divided by m(26).
239
Suppose 624*v - 625*v + 70 = 0. What is the remainder when 28488 is divided by v?
68
Let k(i) = -808*i + 811. What is the remainder when 4749 is divided by k(1)?
0
Suppose 17*k = 45*k - 644. Suppose -5*m - 26*c + 290 = -k*c, 4*m - 4*c = 200. Calculate the remainder when m is divided by 16.
7
Let s = -49 + 54. Suppose j - 2*y - 104 = 0, 9*j + s*y = 6*j + 279. What is the remainder when j is divided by 11?
10
Suppose -20*m = -16*m - 8. Suppose 4*t + 3*o - 1122 = 0, m*o - 354 + 71 = -t. Calculate the remainder when t is divided by 71.
66
Suppose 485*n - 69239 - 29194 = 32517. What is the remainder when n is divided by 118?
34
Let u(h) = -h**3 - 3. Let j be u(0). Let y(b) = b**2 + b + 12. Let x = 142 - 73. What is the remainder when x is divided by y(j)?
15
Let r = 493 + -500. Let u = 49 - 23. Calculate the remainder when 2/r + (15 - 2112/(-42)) is divided by u.
13
Suppose -g - j - 20 = 3*j, 5*j + 25 = 2*g. Suppose g = -0*t + 7*t - 490. Calculate the remainder when t is divided by 24.
22
Let r(v) = 7*v. Let t = 18143 - 18119. What is the remainder when t is divided by r(2)?
10
Suppose 0*i + 126 = 5*i + 3*k, -4*i + 86 = -5*k. What is the remainder when 107 is divided by 4/(i/9)*12?
17
Let u = 47 + -40. Suppose -h - u*h = -344. Let o = -34 + h. Calculate the remainder when o is divided by 6.
3
Let n(q) = q**2 - 13*q - 50. Calculate the remainder when n(-17) is divided by 50.
10
Suppose -21*x + 12 = -23*x, -5*n - 5*x = -15. Suppose 0 = 3*p - 81 - 75. Calculate the remainder when p is divided by n.
7
Let o(j) = -7*j - 231. Let s = -33 + -2. Let t = 42 + -19. Calculate the remainder when t is divided by o(s).
9
Suppose -10*p + 14*p - 11800 = 0. What is the remainder when p is divided by 9?
7
Suppose -3 = 2*j - 1. Suppose -3*l - r - r + 57 = 0, 6 = 2*r. Calculate the remainder when l is divided by (j + 0)*-3 - 10/(-5).
2
Suppose 0 = 54*b - 48*b + 12. Calculate the remainder when -2 - 4 - 406/b is divided by 17.
10
Let r = 24 + 196. Let h = 237 - r. Calculate the remainder when 135 is divided by h.
16
Let r = -82 + 102. Let s = -9 + r. Let p = 14 - s. What is the remainder when 27 is divided by p?
0
Let j = 6167 - 1331. Calculate the remainder when j is divided by 8.
4
Suppose 9*q - 106 + 214 = 0. Let t(z) = 2*z**3 + 23*z**2 - 17*z - 14. Let s(r) = -8*r. Calculate the remainder when t(q) is divided by s(-1).
6
Suppose 7*i - 10 - 25 = 0. Suppose -v - 4*c = -5, -5*v - 2*c + 115 = -0*c. Calculate the remainder when v is divided by 60/i + (-5 + 2 - -5).
11
Let s(x) be the third derivative of 7*x**4/8 + x**3/3 - 112*x**2. Calculate the remainder when s(11) is divided by 47.
45
Suppose -615*o = -625*o + 40530. What is the remainder when o is divided by 13?
10
Suppose -7*v - 7606 + 410 = 0. Let q = v + 1042. Let l(r) = 3*r**2 + r - 5. Calculate the remainder when l(-4) is divided by q.
11
What is the remainder when (-21*9/(-945))/((-2)/(-1420) + 0) is divided by 87?
55
Suppose -46*u - 9456 = 13544. Let p = 511 + u. What is the remainder when 85 is divided by p?
8
Let g(d) = -d**3 + 14*d**2 - 5*d - 23. Let v be g(7). Let r = v + -274. What is the remainder when 29 is divided by r?
7
Let m = -739 + 1161. Let u = -412 + m. What is the remainder when 35 is divided by u?
5
Let m(s) = -53*s + 6. Suppose 4*u = 16, -k - 5 - 18 = -5*u. What is the remainder when m(k) is divided by 34?
29
Suppose